{"id":51,"date":"2021-11-07T09:16:53","date_gmt":"2021-11-07T09:16:53","guid":{"rendered":"http:\/\/www.pensionadalbert.cz\/?page_id=51"},"modified":"2024-04-08T17:34:27","modified_gmt":"2024-04-08T17:34:27","slug":"ubytovani","status":"publish","type":"page","link":"https:\/\/www.pensionadalbert.cz\/index.php\/ubytovani\/","title":{"rendered":"Ubytov\u00e1n\u00ed"},"content":{"rendered":"\t\t<div data-elementor-type=\"wp-page\" data-elementor-id=\"51\" class=\"elementor elementor-51\" data-elementor-settings=\"[]\">\n\t\t\t\t\t\t\t<div class=\"elementor-section-wrap\">\n\t\t\t\t\t\t\t<section class=\"elementor-section elementor-top-section elementor-element elementor-element-66eb42a elementor-section-boxed elementor-section-height-default elementor-section-height-default\" data-id=\"66eb42a\" data-element_type=\"section\" data-settings=\"{&quot;background_background&quot;:&quot;classic&quot;}\">\n\t\t\t\t\t\t\t<div class=\"elementor-background-overlay\"><\/div>\n\t\t\t\t\t\t\t<div class=\"elementor-container elementor-column-gap-default\">\n\t\t\t\t\t<div class=\"elementor-column elementor-col-100 elementor-top-column elementor-element elementor-element-4c4ad35\" data-id=\"4c4ad35\" data-element_type=\"column\">\n\t\t\t<div class=\"elementor-widget-wrap elementor-element-populated\">\n\t\t\t\t\t\t\t\t<div class=\"elementor-element elementor-element-7bca1a7 elementor-widget elementor-widget-spacer\" data-id=\"7bca1a7\" data-element_type=\"widget\" data-widget_type=\"spacer.default\">\n\t\t\t\t<div class=\"elementor-widget-container\">\n\t\t\t\t\t<div class=\"elementor-spacer\">\n\t\t\t<div class=\"elementor-spacer-inner\"><\/div>\n\t\t<\/div>\n\t\t\t\t<\/div>\n\t\t\t\t<\/div>\n\t\t\t\t\t<\/div>\n\t\t<\/div>\n\t\t\t\t\t\t\t<\/div>\n\t\t<\/section>\n\t\t\t\t<section class=\"elementor-section elementor-top-section elementor-element elementor-element-ed365e6 elementor-section-boxed elementor-section-height-default elementor-section-height-default\" data-id=\"ed365e6\" data-element_type=\"section\">\n\t\t\t\t\t\t<div class=\"elementor-container elementor-column-gap-default\">\n\t\t\t\t\t<div class=\"elementor-column elementor-col-100 elementor-top-column elementor-element elementor-element-d50078c\" data-id=\"d50078c\" data-element_type=\"column\">\n\t\t\t<div class=\"elementor-widget-wrap elementor-element-populated\">\n\t\t\t\t\t\t\t\t<div class=\"elementor-element elementor-element-8f1bd57 elementor-widget elementor-widget-spacer\" data-id=\"8f1bd57\" data-element_type=\"widget\" data-widget_type=\"spacer.default\">\n\t\t\t\t<div class=\"elementor-widget-container\">\n\t\t\t\t\t<div class=\"elementor-spacer\">\n\t\t\t<div class=\"elementor-spacer-inner\"><\/div>\n\t\t<\/div>\n\t\t\t\t<\/div>\n\t\t\t\t<\/div>\n\t\t\t\t\t<\/div>\n\t\t<\/div>\n\t\t\t\t\t\t\t<\/div>\n\t\t<\/section>\n\t\t\t\t<section class=\"elementor-section elementor-top-section elementor-element elementor-element-2ec408a elementor-section-boxed elementor-section-height-default elementor-section-height-default\" data-id=\"2ec408a\" data-element_type=\"section\">\n\t\t\t\t\t\t<div class=\"elementor-container elementor-column-gap-default\">\n\t\t\t\t\t<div class=\"elementor-column elementor-col-50 elementor-top-column elementor-element elementor-element-da812fe\" data-id=\"da812fe\" data-element_type=\"column\">\n\t\t\t<div class=\"elementor-widget-wrap elementor-element-populated\">\n\t\t\t\t\t\t\t\t<div class=\"elementor-element elementor-element-540731e elementor-widget elementor-widget-image\" data-id=\"540731e\" data-element_type=\"widget\" data-widget_type=\"image.default\">\n\t\t\t\t<div class=\"elementor-widget-container\">\n\t\t\t<style>\/*! elementor - v3.5.3 - 28-12-2021 *\/\n.elementor-widget-image{text-align:center}.elementor-widget-image a{display:inline-block}.elementor-widget-image a img[src$=\".svg\"]{width:48px}.elementor-widget-image img{vertical-align:middle;display:inline-block}<\/style>\t\t\t\t\t\t\t\t\t<figure class=\"wp-caption\">\n\t\t\t\t\t\t\t\t\t\t\t<a href=\"http:\/\/www.pensionadalbert.cz\/index.php\/pokoj-1\/\">\n\t\t\t\t\t\t\t<img width=\"1024\" height=\"684\" src=\"https:\/\/www.pensionadalbert.cz\/wp-content\/uploads\/2024\/04\/DSC_4849-kopie-1024x684.jpg\" class=\"elementor-animation-grow attachment-large size-large\" alt=\"\" loading=\"lazy\" srcset=\"https:\/\/www.pensionadalbert.cz\/wp-content\/uploads\/2024\/04\/DSC_4849-kopie-1024x684.jpg 1024w, https:\/\/www.pensionadalbert.cz\/wp-content\/uploads\/2024\/04\/DSC_4849-kopie-300x200.jpg 300w, https:\/\/www.pensionadalbert.cz\/wp-content\/uploads\/2024\/04\/DSC_4849-kopie-768x513.jpg 768w, https:\/\/www.pensionadalbert.cz\/wp-content\/uploads\/2024\/04\/DSC_4849-kopie-1536x1025.jpg 1536w, https:\/\/www.pensionadalbert.cz\/wp-content\/uploads\/2024\/04\/DSC_4849-kopie-2048x1367.jpg 2048w\" sizes=\"(max-width: 1024px) 100vw, 1024px\" \/>\t\t\t\t\t\t\t\t<\/a>\n\t\t\t\t\t\t\t\t\t\t\t<figcaption class=\"widget-image-caption wp-caption-text\"><\/figcaption>\n\t\t\t\t\t\t\t\t\t\t<\/figure>\n\t\t\t\t\t\t\t\t\t<\/div>\n\t\t\t\t<\/div>\n\t\t\t\t<div class=\"elementor-element elementor-element-94e667a elementor-widget elementor-widget-text-editor\" data-id=\"94e667a\" data-element_type=\"widget\" data-widget_type=\"text-editor.default\">\n\t\t\t\t<div class=\"elementor-widget-container\">\n\t\t\t<style>\/*! elementor - v3.5.3 - 28-12-2021 *\/\n.elementor-widget-text-editor.elementor-drop-cap-view-stacked .elementor-drop-cap{background-color:#818a91;color:#fff}.elementor-widget-text-editor.elementor-drop-cap-view-framed .elementor-drop-cap{color:#818a91;border:3px solid;background-color:transparent}.elementor-widget-text-editor:not(.elementor-drop-cap-view-default) .elementor-drop-cap{margin-top:8px}.elementor-widget-text-editor:not(.elementor-drop-cap-view-default) .elementor-drop-cap-letter{width:1em;height:1em}.elementor-widget-text-editor .elementor-drop-cap{float:left;text-align:center;line-height:1;font-size:50px}.elementor-widget-text-editor .elementor-drop-cap-letter{display:inline-block}<\/style>\t\t\t\t<p>Pokoj \u010d.1<\/p>\t\t\t\t\t\t<\/div>\n\t\t\t\t<\/div>\n\t\t\t\t\t<\/div>\n\t\t<\/div>\n\t\t\t\t<div class=\"elementor-column elementor-col-50 elementor-top-column elementor-element elementor-element-0ef313f\" data-id=\"0ef313f\" data-element_type=\"column\">\n\t\t\t<div class=\"elementor-widget-wrap elementor-element-populated\">\n\t\t\t\t\t\t\t\t<div class=\"elementor-element elementor-element-1af6f8a elementor-widget elementor-widget-image\" data-id=\"1af6f8a\" data-element_type=\"widget\" data-widget_type=\"image.default\">\n\t\t\t\t<div class=\"elementor-widget-container\">\n\t\t\t\t\t\t\t\t\t\t\t\t<figure class=\"wp-caption\">\n\t\t\t\t\t\t\t\t\t\t\t<a href=\"http:\/\/www.pensionadalbert.cz\/index.php\/pokoj-2\/\">\n\t\t\t\t\t\t\t<img width=\"1024\" height=\"683\" src=\"https:\/\/www.pensionadalbert.cz\/wp-content\/uploads\/2024\/04\/DSC_4431-kopie-1024x683.jpg\" class=\"elementor-animation-grow attachment-large size-large\" alt=\"\" loading=\"lazy\" srcset=\"https:\/\/www.pensionadalbert.cz\/wp-content\/uploads\/2024\/04\/DSC_4431-kopie-1024x683.jpg 1024w, https:\/\/www.pensionadalbert.cz\/wp-content\/uploads\/2024\/04\/DSC_4431-kopie-300x200.jpg 300w, https:\/\/www.pensionadalbert.cz\/wp-content\/uploads\/2024\/04\/DSC_4431-kopie-768x512.jpg 768w, https:\/\/www.pensionadalbert.cz\/wp-content\/uploads\/2024\/04\/DSC_4431-kopie-1536x1024.jpg 1536w, https:\/\/www.pensionadalbert.cz\/wp-content\/uploads\/2024\/04\/DSC_4431-kopie-2048x1365.jpg 2048w\" sizes=\"(max-width: 1024px) 100vw, 1024px\" \/>\t\t\t\t\t\t\t\t<\/a>\n\t\t\t\t\t\t\t\t\t\t\t<figcaption class=\"widget-image-caption wp-caption-text\"><\/figcaption>\n\t\t\t\t\t\t\t\t\t\t<\/figure>\n\t\t\t\t\t\t\t\t\t<\/div>\n\t\t\t\t<\/div>\n\t\t\t\t<div class=\"elementor-element elementor-element-af1627c elementor-widget elementor-widget-text-editor\" data-id=\"af1627c\" data-element_type=\"widget\" data-widget_type=\"text-editor.default\">\n\t\t\t\t<div class=\"elementor-widget-container\">\n\t\t\t\t\t\t\t<p>Pokoj \u010d.2<\/p>\t\t\t\t\t\t<\/div>\n\t\t\t\t<\/div>\n\t\t\t\t\t<\/div>\n\t\t<\/div>\n\t\t\t\t\t\t\t<\/div>\n\t\t<\/section>\n\t\t\t\t<section class=\"elementor-section elementor-top-section elementor-element elementor-element-b03f9fb elementor-section-boxed elementor-section-height-default elementor-section-height-default\" data-id=\"b03f9fb\" data-element_type=\"section\">\n\t\t\t\t\t\t<div class=\"elementor-container elementor-column-gap-default\">\n\t\t\t\t\t<div class=\"elementor-column elementor-col-50 elementor-top-column elementor-element elementor-element-14e1565\" data-id=\"14e1565\" data-element_type=\"column\">\n\t\t\t<div class=\"elementor-widget-wrap elementor-element-populated\">\n\t\t\t\t\t\t\t\t<div class=\"elementor-element elementor-element-cd31c8c elementor-widget elementor-widget-image\" data-id=\"cd31c8c\" data-element_type=\"widget\" data-widget_type=\"image.default\">\n\t\t\t\t<div class=\"elementor-widget-container\">\n\t\t\t\t\t\t\t\t\t\t\t\t<figure class=\"wp-caption\">\n\t\t\t\t\t\t\t\t\t\t\t<a href=\"http:\/\/www.pensionadalbert.cz\/index.php\/pokoj-3\/\">\n\t\t\t\t\t\t\t<img width=\"1024\" height=\"684\" src=\"https:\/\/www.pensionadalbert.cz\/wp-content\/uploads\/2024\/04\/DSC_4464-kopie-1024x684.jpg\" class=\"elementor-animation-grow attachment-large size-large\" alt=\"\" loading=\"lazy\" srcset=\"https:\/\/www.pensionadalbert.cz\/wp-content\/uploads\/2024\/04\/DSC_4464-kopie-1024x684.jpg 1024w, https:\/\/www.pensionadalbert.cz\/wp-content\/uploads\/2024\/04\/DSC_4464-kopie-300x200.jpg 300w, https:\/\/www.pensionadalbert.cz\/wp-content\/uploads\/2024\/04\/DSC_4464-kopie-768x513.jpg 768w, https:\/\/www.pensionadalbert.cz\/wp-content\/uploads\/2024\/04\/DSC_4464-kopie-1536x1025.jpg 1536w, https:\/\/www.pensionadalbert.cz\/wp-content\/uploads\/2024\/04\/DSC_4464-kopie-2048x1367.jpg 2048w\" sizes=\"(max-width: 1024px) 100vw, 1024px\" \/>\t\t\t\t\t\t\t\t<\/a>\n\t\t\t\t\t\t\t\t\t\t\t<figcaption class=\"widget-image-caption wp-caption-text\"><\/figcaption>\n\t\t\t\t\t\t\t\t\t\t<\/figure>\n\t\t\t\t\t\t\t\t\t<\/div>\n\t\t\t\t<\/div>\n\t\t\t\t<div class=\"elementor-element elementor-element-49bc36a elementor-widget elementor-widget-text-editor\" data-id=\"49bc36a\" data-element_type=\"widget\" data-widget_type=\"text-editor.default\">\n\t\t\t\t<div class=\"elementor-widget-container\">\n\t\t\t\t\t\t\t<p>Pokoj \u010d.3<\/p>\t\t\t\t\t\t<\/div>\n\t\t\t\t<\/div>\n\t\t\t\t\t<\/div>\n\t\t<\/div>\n\t\t\t\t<div class=\"elementor-column elementor-col-50 elementor-top-column elementor-element elementor-element-20a147d\" data-id=\"20a147d\" data-element_type=\"column\">\n\t\t\t<div class=\"elementor-widget-wrap elementor-element-populated\">\n\t\t\t\t\t\t\t\t<div class=\"elementor-element elementor-element-d839f2f elementor-widget elementor-widget-image\" data-id=\"d839f2f\" data-element_type=\"widget\" data-widget_type=\"image.default\">\n\t\t\t\t<div class=\"elementor-widget-container\">\n\t\t\t\t\t\t\t\t\t\t\t\t<figure class=\"wp-caption\">\n\t\t\t\t\t\t\t\t\t\t\t<a href=\"http:\/\/www.pensionadalbert.cz\/index.php\/pokoj-4\/\">\n\t\t\t\t\t\t\t<img width=\"1024\" height=\"683\" src=\"https:\/\/www.pensionadalbert.cz\/wp-content\/uploads\/2024\/04\/4K5B0259-1024x683.jpg\" class=\"elementor-animation-grow attachment-large size-large\" alt=\"\" loading=\"lazy\" srcset=\"https:\/\/www.pensionadalbert.cz\/wp-content\/uploads\/2024\/04\/4K5B0259-1024x683.jpg 1024w, https:\/\/www.pensionadalbert.cz\/wp-content\/uploads\/2024\/04\/4K5B0259-300x200.jpg 300w, https:\/\/www.pensionadalbert.cz\/wp-content\/uploads\/2024\/04\/4K5B0259-768x512.jpg 768w, https:\/\/www.pensionadalbert.cz\/wp-content\/uploads\/2024\/04\/4K5B0259-1536x1024.jpg 1536w, https:\/\/www.pensionadalbert.cz\/wp-content\/uploads\/2024\/04\/4K5B0259-2048x1365.jpg 2048w\" sizes=\"(max-width: 1024px) 100vw, 1024px\" \/>\t\t\t\t\t\t\t\t<\/a>\n\t\t\t\t\t\t\t\t\t\t\t<figcaption class=\"widget-image-caption wp-caption-text\"><\/figcaption>\n\t\t\t\t\t\t\t\t\t\t<\/figure>\n\t\t\t\t\t\t\t\t\t<\/div>\n\t\t\t\t<\/div>\n\t\t\t\t<div class=\"elementor-element elementor-element-d083ef8 elementor-widget elementor-widget-text-editor\" data-id=\"d083ef8\" data-element_type=\"widget\" data-widget_type=\"text-editor.default\">\n\t\t\t\t<div class=\"elementor-widget-container\">\n\t\t\t\t\t\t\t<p>Pokoj \u010d.4<\/p>\t\t\t\t\t\t<\/div>\n\t\t\t\t<\/div>\n\t\t\t\t\t<\/div>\n\t\t<\/div>\n\t\t\t\t\t\t\t<\/div>\n\t\t<\/section>\n\t\t\t\t<section class=\"elementor-section elementor-top-section elementor-element elementor-element-7d10007 elementor-section-boxed elementor-section-height-default elementor-section-height-default\" data-id=\"7d10007\" data-element_type=\"section\">\n\t\t\t\t\t\t<div class=\"elementor-container elementor-column-gap-default\">\n\t\t\t\t\t<div class=\"elementor-column elementor-col-50 elementor-top-column elementor-element elementor-element-f06216f\" data-id=\"f06216f\" data-element_type=\"column\">\n\t\t\t<div class=\"elementor-widget-wrap elementor-element-populated\">\n\t\t\t\t\t\t\t\t<div class=\"elementor-element elementor-element-b058949 elementor-widget elementor-widget-image\" data-id=\"b058949\" data-element_type=\"widget\" data-widget_type=\"image.default\">\n\t\t\t\t<div class=\"elementor-widget-container\">\n\t\t\t\t\t\t\t\t\t\t\t\t<figure class=\"wp-caption\">\n\t\t\t\t\t\t\t\t\t\t\t<a href=\"http:\/\/www.pensionadalbert.cz\/index.php\/pokoj-5\/\">\n\t\t\t\t\t\t\t<img width=\"1024\" height=\"684\" src=\"https:\/\/www.pensionadalbert.cz\/wp-content\/uploads\/2024\/04\/DSC_8196-copy-1024x684.jpg\" class=\"elementor-animation-grow attachment-large size-large\" alt=\"\" loading=\"lazy\" srcset=\"https:\/\/www.pensionadalbert.cz\/wp-content\/uploads\/2024\/04\/DSC_8196-copy-1024x684.jpg 1024w, https:\/\/www.pensionadalbert.cz\/wp-content\/uploads\/2024\/04\/DSC_8196-copy-300x200.jpg 300w, https:\/\/www.pensionadalbert.cz\/wp-content\/uploads\/2024\/04\/DSC_8196-copy-768x513.jpg 768w, https:\/\/www.pensionadalbert.cz\/wp-content\/uploads\/2024\/04\/DSC_8196-copy-1536x1025.jpg 1536w, https:\/\/www.pensionadalbert.cz\/wp-content\/uploads\/2024\/04\/DSC_8196-copy-2048x1367.jpg 2048w\" sizes=\"(max-width: 1024px) 100vw, 1024px\" \/>\t\t\t\t\t\t\t\t<\/a>\n\t\t\t\t\t\t\t\t\t\t\t<figcaption class=\"widget-image-caption wp-caption-text\"><\/figcaption>\n\t\t\t\t\t\t\t\t\t\t<\/figure>\n\t\t\t\t\t\t\t\t\t<\/div>\n\t\t\t\t<\/div>\n\t\t\t\t<div class=\"elementor-element elementor-element-69c98e2 elementor-widget elementor-widget-text-editor\" data-id=\"69c98e2\" data-element_type=\"widget\" data-widget_type=\"text-editor.default\">\n\t\t\t\t<div class=\"elementor-widget-container\">\n\t\t\t\t\t\t\t<p>Pokoj \u010d.5<\/p>\t\t\t\t\t\t<\/div>\n\t\t\t\t<\/div>\n\t\t\t\t\t<\/div>\n\t\t<\/div>\n\t\t\t\t<div class=\"elementor-column elementor-col-50 elementor-top-column elementor-element elementor-element-55432db\" data-id=\"55432db\" data-element_type=\"column\">\n\t\t\t<div class=\"elementor-widget-wrap elementor-element-populated\">\n\t\t\t\t\t\t\t\t<div class=\"elementor-element elementor-element-b2d2841 elementor-widget elementor-widget-image\" data-id=\"b2d2841\" data-element_type=\"widget\" data-widget_type=\"image.default\">\n\t\t\t\t<div class=\"elementor-widget-container\">\n\t\t\t\t\t\t\t\t\t\t\t\t<figure class=\"wp-caption\">\n\t\t\t\t\t\t\t\t\t\t\t<a href=\"http:\/\/www.pensionadalbert.cz\/index.php\/pokoj-6\/\">\n\t\t\t\t\t\t\t<img width=\"1024\" height=\"683\" src=\"https:\/\/www.pensionadalbert.cz\/wp-content\/uploads\/2024\/04\/DSC_4997-kopie-1-1024x683.jpg\" class=\"elementor-animation-grow attachment-large size-large\" alt=\"\" loading=\"lazy\" srcset=\"https:\/\/www.pensionadalbert.cz\/wp-content\/uploads\/2024\/04\/DSC_4997-kopie-1-1024x683.jpg 1024w, https:\/\/www.pensionadalbert.cz\/wp-content\/uploads\/2024\/04\/DSC_4997-kopie-1-300x200.jpg 300w, https:\/\/www.pensionadalbert.cz\/wp-content\/uploads\/2024\/04\/DSC_4997-kopie-1-768x512.jpg 768w, https:\/\/www.pensionadalbert.cz\/wp-content\/uploads\/2024\/04\/DSC_4997-kopie-1-1536x1024.jpg 1536w, https:\/\/www.pensionadalbert.cz\/wp-content\/uploads\/2024\/04\/DSC_4997-kopie-1-2048x1365.jpg 2048w\" sizes=\"(max-width: 1024px) 100vw, 1024px\" \/>\t\t\t\t\t\t\t\t<\/a>\n\t\t\t\t\t\t\t\t\t\t\t<figcaption class=\"widget-image-caption wp-caption-text\"><\/figcaption>\n\t\t\t\t\t\t\t\t\t\t<\/figure>\n\t\t\t\t\t\t\t\t\t<\/div>\n\t\t\t\t<\/div>\n\t\t\t\t<div class=\"elementor-element elementor-element-8caabdc elementor-widget elementor-widget-text-editor\" data-id=\"8caabdc\" data-element_type=\"widget\" data-widget_type=\"text-editor.default\">\n\t\t\t\t<div class=\"elementor-widget-container\">\n\t\t\t\t\t\t\t<p>Pokoj \u010d.6<\/p>\t\t\t\t\t\t<\/div>\n\t\t\t\t<\/div>\n\t\t\t\t\t<\/div>\n\t\t<\/div>\n\t\t\t\t\t\t\t<\/div>\n\t\t<\/section>\n\t\t\t\t<section class=\"elementor-section elementor-top-section elementor-element elementor-element-4cbf262 elementor-section-boxed elementor-section-height-default elementor-section-height-default\" data-id=\"4cbf262\" data-element_type=\"section\">\n\t\t\t\t\t\t<div class=\"elementor-container elementor-column-gap-default\">\n\t\t\t\t\t<div class=\"elementor-column elementor-col-100 elementor-top-column elementor-element elementor-element-5db8c83\" data-id=\"5db8c83\" data-element_type=\"column\">\n\t\t\t<div class=\"elementor-widget-wrap elementor-element-populated\">\n\t\t\t\t\t\t\t\t<div class=\"elementor-element elementor-element-87ea9b2 elementor-widget elementor-widget-spacer\" data-id=\"87ea9b2\" data-element_type=\"widget\" data-widget_type=\"spacer.default\">\n\t\t\t\t<div class=\"elementor-widget-container\">\n\t\t\t\t\t<div class=\"elementor-spacer\">\n\t\t\t<div class=\"elementor-spacer-inner\"><\/div>\n\t\t<\/div>\n\t\t\t\t<\/div>\n\t\t\t\t<\/div>\n\t\t\t\t\t<\/div>\n\t\t<\/div>\n\t\t\t\t\t\t\t<\/div>\n\t\t<\/section>\n\t\t\t\t\t\t<\/div>\n\t\t\t\t\t<\/div>\n\t\t","protected":false},"excerpt":{"rendered":"<p>Pokoj \u010d.1 Pokoj \u010d.2 Pokoj \u010d.3 Pokoj \u010d.4 Pokoj \u010d.5 Pokoj \u010d.6<\/p>\n","protected":false},"author":1,"featured_media":0,"parent":0,"menu_order":0,"comment_status":"closed","ping_status":"closed","template":"elementor_header_footer","meta":[],"_links":{"self":[{"href":"https:\/\/www.pensionadalbert.cz\/index.php\/wp-json\/wp\/v2\/pages\/51"}],"collection":[{"href":"https:\/\/www.pensionadalbert.cz\/index.php\/wp-json\/wp\/v2\/pages"}],"about":[{"href":"https:\/\/www.pensionadalbert.cz\/index.php\/wp-json\/wp\/v2\/types\/page"}],"author":[{"embeddable":true,"href":"https:\/\/www.pensionadalbert.cz\/index.php\/wp-json\/wp\/v2\/users\/1"}],"replies":[{"embeddable":true,"href":"https:\/\/www.pensionadalbert.cz\/index.php\/wp-json\/wp\/v2\/comments?post=51"}],"version-history":[{"count":95,"href":"https:\/\/www.pensionadalbert.cz\/index.php\/wp-json\/wp\/v2\/pages\/51\/revisions"}],"predecessor-version":[{"id":1229,"href":"https:\/\/www.pensionadalbert.cz\/index.php\/wp-json\/wp\/v2\/pages\/51\/revisions\/1229"}],"wp:attachment":[{"href":"https:\/\/www.pensionadalbert.cz\/index.php\/wp-json\/wp\/v2\/media?parent=51"}],"curies":[{"name":"wp","href":"https:\/\/api.w.org\/{rel}","templated":true}]}}